{"id":112,"date":"2021-06-13T15:13:11","date_gmt":"2021-06-13T13:13:11","guid":{"rendered":"https:\/\/ffsvk.se\/?page_id=112"},"modified":"2024-01-22T18:13:02","modified_gmt":"2024-01-22T16:13:02","slug":"medlemskap","status":"publish","type":"page","link":"https:\/\/nvof.se\/index.php\/medlemskap\/","title":{"rendered":"Medlemskap"},"content":{"rendered":"\n<p><strong>Medlemskapet \u00e4r gratis men betyder \u00e4nd\u00e5 mycket!<\/strong> &nbsp;<\/p>\n\n\n\n<p>F\u00f6r att bli medlem i f\u00f6reningen kr\u00e4vs att du \u00e4r myndig samt att du fyllt i efterfr\u00e5gade uppgifter nedan.<\/p>\n\n\n\n<p>Varf\u00f6r bli medlem? Vi f\u00f6rs\u00f6ker vara en samlad kraft mot den enorma industri som h\u00e5ller p\u00e5 att planeras p\u00e5 Besparingsskogen norr om Orsa och v\u00e4ster om Los. Genom ert medlemsst\u00f6d s\u00e5 kan vi visa upp att vi inte \u00e4r ensamma. Du \u00e4r inte ensam, vi \u00e4r inte ensamma att k\u00e4mpa mot dessa ekonomiska krafter som vill f\u00f6rst\u00f6ra stora delar av Sveriges sydligaste fj\u00e4lln\u00e4ra omr\u00e5de. Bli medlem idag, st\u00f6tta oss indirekt s\u00e5 st\u00f6ttar f\u00f6reningen dig, det \u00e4r dessutom gratis!    <\/p>\n\n\n\n<h2 class=\"wp-block-heading\"><strong>Ans\u00f6k om gratis medlemskap h\u00e4r:<\/strong><\/h2>\n\n\n<p>MEDLEMSKAP i Nej till vindkraftsindustri Orsa Finnmark<br \/><div class=\"tnp tnp-subscription \">\n<form method=\"post\" action=\"https:\/\/nvof.se\/wp-admin\/admin-ajax.php?action=tnp&amp;na=s\">\n<input type=\"hidden\" name=\"nlang\" value=\"\">\n<div class=\"tnp-field tnp-field-firstname\"><label for=\"tnp-1\">F\u00f6rnamn<\/label>\n<input class=\"tnp-name\" type=\"text\" name=\"nn\" id=\"tnp-1\" value=\"\" placeholder=\"\" required><\/div>\n<div class=\"tnp-field tnp-field-surname\"><label for=\"tnp-2\">Efternamn<\/label>\n<input class=\"tnp-surname\" type=\"text\" name=\"ns\" id=\"tnp-2\" value=\"\" placeholder=\"\" required><\/div><div class=\"tnp-field tnp-field-email\"><label for=\"tnp-3\">E-postadress<\/label>\n<input class=\"tnp-email\" type=\"email\" name=\"ne\" id=\"tnp-3\" value=\"\" placeholder=\"\" required><\/div>\n<div class=\"tnp-field tnp-field-profile\"><label for=\"tnp-4\">Ort<\/label>\n<input class=\"tnp-profile tnp-profile-1\" id=\"tnp-profile_1\" type=\"text\" size=\"\" name=\"np1\" placeholder=\"\" required><\/div>\n<div class=\"tnp-field tnp-field-profile\"><label for=\"tnp-5\">Personnummer 6 siffror<\/label>\n<input class=\"tnp-profile tnp-profile-2\" id=\"tnp-profile_2\" type=\"text\" size=\"\" name=\"np2\" placeholder=\"\" required><\/div>\n<div class=\"tnp-field tnp-privacy-field\"><label><input type=\"checkbox\" name=\"ny\" required class=\"tnp-privacy\"> <a target=\"_blank\" href=\"https:\/\/nvof.se\/index.php\/privacy-policy\/\">Genom att forts\u00e4tta accepterar du integritetspolicyn<\/a><\/label><\/div><div class=\"tnp-field tnp-field-button\" style=\"text-align: left\"><input class=\"tnp-submit\" type=\"submit\" value=\"Registrera\" style=\"\">\n<\/div>\n<\/form>\n<\/div>\n<\/p>\r\n<p>OBS OBS. Du m\u00e5ste verifiera medlemskapet. Ett mail skickas f\u00f6r det. Kolla din skr\u00e4ppost d\u00e5 dessa ofta hamnar d\u00e4r.\u00a0<\/p>\n\n\n<p>N\u00e4r du trycker p\u00e5 Registrera s\u00e5 kommer du till en enkel matematikfr\u00e5ga som du m\u00e5ste svara p\u00e5. (F\u00f6r att vi ska slippa en del spamrobotar.)  N\u00e4r du svarat p\u00e5 det s\u00e5 kommer ett mail skickas till dig som du m\u00e5ste verifiera. Mailet kommer oftast inom 5 minuter. Ibland hamnar dessa mail i skr\u00e4pposten. <\/p>\n\n\n\n<p>Genom att anm\u00e4la dig som medlem s\u00e5 godk\u00e4nner du \u00e4ven att f\u00f6reningsstyrelsen f\u00e5r hantera dina personuppgifter och att dina uppgifter lagras i f\u00f6reningens register. Se g\u00e4rna v\u00e5r Integritetspolicy. Dina personuppgifter kan dock komma att l\u00e4mnas till kommun eller myndigheter i syfte att fr\u00e4mja f\u00f6reningens m\u00e5l och syften. T.ex. vid ans\u00f6kan av f\u00f6reningsst\u00f6d eller om kommun\/myndighet efterfr\u00e5gar uppgifterna. Din epost-adress kan komma att anv\u00e4ndas n\u00e4r f\u00f6reningen \u00f6nskar n\u00e5 dig med information. F\u00f6reningen f\u00f6ljer naturligtvis dataskyddsf\u00f6rordningen (GDPR).<br><br>Ovanst\u00e5ende uppgifter anv\u00e4nds av f\u00f6reningen f\u00f6r att kunna dokumentera dess medlemmar. F\u00f6delsedata med de 6 f\u00f6rsta siffrorna anv\u00e4nds f\u00f6r att kunna s\u00e4rskilja personer med samma namn och samma ort samt att ge f\u00f6rst\u00e5else f\u00f6r medlemmarna demografi.<\/p>\n\n\n\n<p>F\u00f6r att avregistrera dig som medlem samt radera alla personuppgifter s\u00e5 skickar du ett mail till <a href=\"mailto:administrationen@nvof.se\">administrationen@nvof.se<\/a> fr\u00e5n den e-postadress du angav vid registreringen d\u00e4r du anger du bara att du vill g\u00e5 ur f\u00f6reningen. Orsak beh\u00f6ver ej anges men uppskattas. Avregistrering sker inom 1 m\u00e5nad fr\u00e5n inkommen anm\u00e4lan.<\/p>\n","protected":false},"excerpt":{"rendered":"<p>Medlemskapet \u00e4r gratis men betyder \u00e4nd\u00e5 mycket! &nbsp; F\u00f6r att bli medlem i f\u00f6reningen kr\u00e4vs att du \u00e4r myndig samt att du fyllt i efterfr\u00e5gade uppgifter nedan. Varf\u00f6r bli medlem? Vi f\u00f6rs\u00f6ker vara en samlad kraft mot den enorma industri som h\u00e5ller p\u00e5 att planeras p\u00e5 Besparingsskogen norr om Orsa och v\u00e4ster om Los. Genom [&hellip;]<\/p>\n","protected":false},"author":1,"featured_media":0,"parent":0,"menu_order":0,"comment_status":"closed","ping_status":"closed","template":"","meta":{"footnotes":""},"class_list":["post-112","page","type-page","status-publish","hentry"],"_links":{"self":[{"href":"https:\/\/nvof.se\/index.php\/wp-json\/wp\/v2\/pages\/112","targetHints":{"allow":["GET"]}}],"collection":[{"href":"https:\/\/nvof.se\/index.php\/wp-json\/wp\/v2\/pages"}],"about":[{"href":"https:\/\/nvof.se\/index.php\/wp-json\/wp\/v2\/types\/page"}],"author":[{"embeddable":true,"href":"https:\/\/nvof.se\/index.php\/wp-json\/wp\/v2\/users\/1"}],"replies":[{"embeddable":true,"href":"https:\/\/nvof.se\/index.php\/wp-json\/wp\/v2\/comments?post=112"}],"version-history":[{"count":11,"href":"https:\/\/nvof.se\/index.php\/wp-json\/wp\/v2\/pages\/112\/revisions"}],"predecessor-version":[{"id":287,"href":"https:\/\/nvof.se\/index.php\/wp-json\/wp\/v2\/pages\/112\/revisions\/287"}],"wp:attachment":[{"href":"https:\/\/nvof.se\/index.php\/wp-json\/wp\/v2\/media?parent=112"}],"curies":[{"name":"wp","href":"https:\/\/api.w.org\/{rel}","templated":true}]}}